{"id":261,"date":"2018-03-03T19:17:00","date_gmt":"2018-03-03T18:17:00","guid":{"rendered":"https:\/\/wp.pflege.leicht\/?page_id=261"},"modified":"2026-04-06T14:57:52","modified_gmt":"2026-04-06T12:57:52","slug":"mdk","status":"publish","type":"page","link":"https:\/\/pflege-leicht.berlin\/?page_id=261","title":{"rendered":"Transparenzbericht"},"content":{"rendered":"\t\t<div data-elementor-type=\"wp-page\" data-elementor-id=\"261\" class=\"elementor elementor-261\">\n\t\t\t\t\t\t<section class=\"elementor-section elementor-top-section elementor-element elementor-element-48b7a108 elementor-section-boxed elementor-section-height-default elementor-section-height-default\" data-id=\"48b7a108\" data-element_type=\"section\" data-e-type=\"section\">\n\t\t\t\t\t\t<div class=\"elementor-container elementor-column-gap-default\">\n\t\t\t\t\t<div class=\"elementor-column elementor-col-100 elementor-top-column elementor-element elementor-element-2accc3e5\" data-id=\"2accc3e5\" data-element_type=\"column\" data-e-type=\"column\">\n\t\t\t<div class=\"elementor-widget-wrap elementor-element-populated\">\n\t\t\t\t\t\t<div class=\"elementor-element elementor-element-6e4810d5 elementor-widget elementor-widget-text-editor\" data-id=\"6e4810d5\" data-element_type=\"widget\" data-e-type=\"widget\" data-widget_type=\"text-editor.default\">\n\t\t\t\t<div class=\"elementor-widget-container\">\n\t\t\t\t\t\t\t\t\t<p>Seit einigen Jahren werden alle Pflegedienste vom MDK ( medizinischer Dienst der Krankenkassen ) einmal im Jahr gepr\u00fcft. Das Ergebnis wird in einem sogenannten Transparenzbericht festgehalten.<\/p><p><a href=\"https:\/\/www.mdk-pruefung.com\/pflegenoten-veroeffentlichung-internet\/\" target=\"_blank\" rel=\"noopener noreferrer\">Das Ergebnis dieser Pr\u00fcfung wird \u00f6ffentlich ausgestellt.<\/a><\/p><p>Wir stellen hier unsere Pr\u00fcfergebnisse dar:<\/p><p><a href=\"http:\/\/pflege-leicht.berlin\/wp-content\/uploads\/2026\/04\/Pruefergebnis2026.pdf\">Transparenzbericht 2026<\/a><\/p><p><a href=\"https:\/\/pflege-leicht.berlin\/wp-content\/uploads\/2025\/04\/Transparenz2025.pdf\" target=\"_blank\" rel=\"noopener\">Transparenzbericht 2025<\/a><\/p><p><a href=\"https:\/\/pflege-leicht.berlin\/wp-content\/uploads\/2024\/02\/Transparenz2023.pdf\">Transparenzbericht 2023<\/a><\/p><p>In den Coronajahren wurden keine Pr\u00fcfungen durchgef\u00fchrt<\/p><p><a href=\"https:\/\/pflege-leicht.berlin\/wp-content\/uploads\/2019\/06\/Transparenzbericht-2019.pdf\">Transparenzbericht 2019<\/a><\/p><p><a href=\"https:\/\/pflege-leicht.berlin\/wp-content\/uploads\/2018\/08\/Transp.Bericht2018.pdf\">Transparenzbericht 2018<\/a><\/p><p><a href=\"https:\/\/pflege-leicht.berlin\/wp-content\/uploads\/2018\/03\/461105473_12051_A_1_171102VA01001309-000017181.pdf\">Transparenzbericht 2017<\/a><\/p><p><a href=\"https:\/\/pflege-leicht.berlin\/wp-content\/uploads\/2018\/06\/mdk2016.gif\">Transparenzbericht 2016<\/a><\/p>\t\t\t\t\t\t\t\t<\/div>\n\t\t\t\t<\/div>\n\t\t\t\t\t<\/div>\n\t\t<\/div>\n\t\t\t\t\t<\/div>\n\t\t<\/section>\n\t\t\t\t<\/div>\n\t\t","protected":false},"excerpt":{"rendered":"<p>Seit einigen Jahren werden alle Pflegedienste vom MDK ( medizinischer Dienst der Krankenkassen ) einmal im Jahr gepr\u00fcft. Das Ergebnis wird in einem sogenannten Transparenzbericht festgehalten. Das Ergebnis dieser Pr\u00fcfung wird \u00f6ffentlich ausgestellt. Wir stellen hier unsere Pr\u00fcfergebnisse dar: Transparenzbericht 2026 Transparenzbericht 2025 Transparenzbericht 2023 In den Coronajahren wurden keine Pr\u00fcfungen durchgef\u00fchrt Transparenzbericht 2019 Transparenzbericht &hellip; <\/p>\n<p class=\"link-more\"><a href=\"https:\/\/pflege-leicht.berlin\/?page_id=261\" class=\"more-link\"><span class=\"screen-reader-text\">\u201eTransparenzbericht\u201c <\/span>weiterlesen<\/a><\/p>\n","protected":false},"author":2,"featured_media":0,"parent":0,"menu_order":0,"comment_status":"closed","ping_status":"closed","template":"","meta":{"footnotes":""},"class_list":["post-261","page","type-page","status-publish","hentry"],"_links":{"self":[{"href":"https:\/\/pflege-leicht.berlin\/index.php?rest_route=\/wp\/v2\/pages\/261","targetHints":{"allow":["GET"]}}],"collection":[{"href":"https:\/\/pflege-leicht.berlin\/index.php?rest_route=\/wp\/v2\/pages"}],"about":[{"href":"https:\/\/pflege-leicht.berlin\/index.php?rest_route=\/wp\/v2\/types\/page"}],"author":[{"embeddable":true,"href":"https:\/\/pflege-leicht.berlin\/index.php?rest_route=\/wp\/v2\/users\/2"}],"replies":[{"embeddable":true,"href":"https:\/\/pflege-leicht.berlin\/index.php?rest_route=%2Fwp%2Fv2%2Fcomments&post=261"}],"version-history":[{"count":20,"href":"https:\/\/pflege-leicht.berlin\/index.php?rest_route=\/wp\/v2\/pages\/261\/revisions"}],"predecessor-version":[{"id":671,"href":"https:\/\/pflege-leicht.berlin\/index.php?rest_route=\/wp\/v2\/pages\/261\/revisions\/671"}],"wp:attachment":[{"href":"https:\/\/pflege-leicht.berlin\/index.php?rest_route=%2Fwp%2Fv2%2Fmedia&parent=261"}],"curies":[{"name":"wp","href":"https:\/\/api.w.org\/{rel}","templated":true}]}}